u - 4*h + 18. Let k = u + 3. Suppose -k*w + 2097 = -i, 2*w - w + 2*i = 415. Is w a composite number?
False
Let k be (8/(-10))/(2/(-620)). Let t = 101 + -200. Let x = t + k. Is x a composite number?
False
Let m(h) = 8500*h - 43. Is m(12) a prime number?
True
Let r be (1 - -3) + -4 + -1. Is r + 316 - (-36)/9 composite?
True
Let y be (-24)/(-156) + 698/26. Let f = y - 22. Suppose -f*c + 5*r + 490 = 0, 3*c + 334 = 6*c + 5*r. Is c composite?
False
Let y = -21 - 58. Let o = -46 - y. Is o a prime number?
False
Suppose -1 = m, 5*z - 9 = 4*m + 20. Suppose 76 = z*g + 21. Is g a composite number?
False
Let b(q) = -7*q - 26. Let o be b(-6). Suppose -z + 3*z = -5*h + 694, -4*h + o = 0. Is z composite?
False
Let h(z) = 80*z - 6. Suppose 3*q = 10 - 37. Let j be 1 + -2*q/6. Is h(j) prime?
False
Is (0 - 3/(-4))/((-246)/(-41470024)) a prime number?
True
Suppose 6*r - 9*r = -8484. Suppose -8*c - r = -12*c. Is c composite?
True
Is (-45)/165 - (-159828)/33 composite?
True
Is ((-1174)/10 - 0)/((-33)/165) a composite number?
False
Suppose 5*h + 16 = 9*h. Suppose -h*v + 9*v - 2*u - 1959 = 0, 0 = -v + u + 390. Is v a prime number?
False
Let y be (-400)/28 - (-6)/21. Suppose -5*g - 175 = 4*w, g + 179 = 2*w - 6*w. Is y*(-1 + w/6) prime?
False
Let m(h) = h**2 + 7*h + 4. Let g be m(-7). Suppose 2*c - 98 = -g*f, -5*f = c - 3*c - 145. Suppose -f + 209 = 2*l. Is l prime?
False
Suppose 3*w - 81681 = 4*c + 29686, -3*c - 148480 = -4*w. Is w a composite number?
False
Suppose -4549 = -10*b + 9841. Is b composite?
False
Let h be ((-7)/21 - (-3)/(-18))*-14. Let f(t) = 7*t**2 + 2*t - 31. Is f(h) a composite number?
True
Let q(r) = r**3 - 2*r + 2531. Is q(0) a composite number?
False
Let i be 2/(-1)*(-9)/(-6). Let b be ((-1)/i)/(5/75). Suppose 4*j + 2*l - 177 = 397, b*j - 714 = l. Is j a prime number?
False
Is 12603/5 - ((-43)/(-5) + -9) composite?
False
Suppose -u + 0 + 3 = 0. Let n be u/(9/7365) - 2. Let f = n + -1750. Is f composite?
True
Suppose -11*v + 11449 = 4*d - 14*v, 3*v + 5717 = 2*d. Is d a prime number?
False
Suppose 5*i + c - 8 = 0, 4*i + 10 = 5*i + 3*c. Is 27688/10 - i - 8/10 composite?
False
Let j(p) = 4*p - 12. Let y be j(5). Let v(q) = 24*q**3 + q - 25*q**3 + 3*q + 8 - y*q**2. Is v(-9) prime?
True
Let w be 6*(100/8 - -5). Let d = w + -22. Is d composite?
False
Suppose -z + 20 = -5*s, -2*z + 34 = -5*s + 9. Let x = -7 + z. Is x*(-14)/(-4)*-5 prime?
False
Suppose -5*q + q + 12 = 0. Is q/(-3)*551/(-1) prime?
False
Is (-291011)/(-21)*(-6)/(-2) composite?
True
Let d be (10 + -7)*2/6. Is (d - 45)/((-42)/21) composite?
True
Let y(r) = -193*r**3 + 9*r**2 + 16*r + 1. Is y(-3) composite?
True
Let y be 5637/18 + (-1)/6. Suppose l - 180 = y. Is l composite?
True
Let v(j) = 401*j - 2. Let f(n) = -3*n - 6. Let h be f(-3). Is v(h) a prime number?
True
Suppose 5*x - 20*s = -24*s + 328805, 0 = 3*x - 3*s - 197283. Is x a prime number?
True
Let o(c) = 676*c - 13. Let i be o(3). Suppose i = 3*d - 2*h + 3*h, -4*h = 3*d - 2003. Is d composite?
False
Suppose i - 10 = -2*l - i, -5*l + i = -1. Is 520*l - (-2 + 7 + -4) composite?
True
Suppose 2*m - 8 = -702. Let g = -162 - m. Is g composite?
True
Is 1/(-8 - 8697/(-1087)) composite?
False
Let w(g) = g**2 + 2*g + 4. Let x be w(-4). Suppose -4*f + f + x = 0. Suppose f*o - 779 = 5*j, 0*o - 182 = -o - 3*j. Is o a prime number?
True
Is (40 + (-9)/3)*13 a prime number?
False
Let v be (-1)/2 + (-9)/(-2). Suppose -v*y + 4062 + 326 = 0. Is y a composite number?
False
Let p(c) = 4*c. Let s be p(1). Suppose 3*t - 864 = -3*r, 0 = 2*r - s*r - 2. Is t composite?
True
Let y(h) = h**2 - 7*h - 1. Let j be y(8). Let i(f) = -8*f + 9. Let p(u) = -7*u + 9. Let w(l) = j*p(l) - 6*i(l). Is w(-5) a composite number?
True
Let l(h) = -2 - 8 - 10 + 16 + 81*h. Suppose 0*k + k - 3 = 0. Is l(k) composite?
False
Is 11032 + 0 + (17 - (-22)/(-2)) prime?
False
Is 2*(133847/(-2))/(-7) a prime number?
True
Is 28478/4 + (-36)/(-24) composite?
False
Suppose -212 = -3*i + 4*i. Let b = 937 + i. Suppose 0*k = 5*k - b. Is k composite?
True
Suppose 1 = 3*q - 17. Let c be q + -1 + 0 + 0. Suppose c*s - 549 + 134 = 0. Is s prime?
True
Suppose -4*x = -x - 4*v - 1387, 2*x + 2*v = 906. Is x a composite number?
False
Let g be (14660/(-30))/((-4)/(-6)). Let d = g + 1270. Is d a composite number?
True
Let p(w) = -w**3 - 5*w**2 + 16*w + 23. Let h(k) = k**2 - 19*k - 32. Let d be h(20). Is p(d) prime?
True
Let b = -103 - -107. Suppose -b*u + 375 = -853. Is u a prime number?
True
Let c(p) = -p - 1. Let r be c(-1). Suppose s - 3*s = r. Suppose -200 = -g - u, s = -2*g - 0*g + 3*u + 395. Is g prime?
True
Suppose -8*q - 10 = -13*q. Let k(b) = -3*b**q + 442 - 35 + 4*b**2 + 0*b**2 - b. Is k(0) prime?
False
Let j = 3929 + 874. Is j a composite number?
True
Suppose -3*u - 424 = 4*s + u, 3*u = -9. Let f = 216 + s. Is f a prime number?
True
Let r(z) = z**2 + 2 + z - 2*z**2 - 3*z + 3*z. Let g be r(3). Is -7*(g + (-3 - -6)) a composite number?
False
Let d(s) = -s**2 + s + 2. Let x be d(0). Let v = 10 - 14. Is x/v*(-276 - 2) a prime number?
True
Let t(a) = a**2 - 4*a + 5. Let i be t(4). Suppose -12 = -i*d + d. Is d/(-6)*(2 + -664) a prime number?
True
Suppose -2350 = -r - 9*r. Is r a prime number?
False
Suppose 2*u = -3*c - 1861, 4*c - 5*u + 2*u = -2453. Let t = c - -1188. Is t a prime number?
True
Suppose r + 16353 = 6*r - 2*u, 0 = r + 2*u - 3273. Is r composite?
False
Let j = -5 + 14. Suppose 111 = 4*x + 3*t, j*t - 4*t + 165 = 5*x. Let k = 331 - x. Is k a prime number?
False
Suppose -41*j = -37*j + 24. Is (-1364 + j)*1/(-2) composite?
True
Let x(v) = -v**3 - 13*v**2 - 13*v - 10. Let a be x(-12). Suppose 4*o + 2*w = a, o - 4*o - 4*w - 6 = 0. Suppose o*j + 0*j = 284. Is j a composite number?
True
Let u be (44/6)/((-19)/(-57)). Is 7278/u + 4/22 a composite number?
False
Let a = 1382847 + -901478. Is a a prime number?
False
Let p be (2/(-4))/(51/612). Let r(c) = -49*c + 2 - 11*c - 4. Is r(p) a composite number?
True
Let p(i) = -136*i**3 + 2*i**2 - i - 3. Is p(-6) prime?
False
Is (-344)/12*(-4)/((-32)/(-12)) composite?
False
Let v(f) = -24*f - 38. Let l be v(-9). Suppose -l = -k - k. Is k a composite number?
False
Let n be -49 - (-1 - (-6)/(-6)). Let y = 4 - 6. Is (n/y - 0)*2 prime?
True
Suppose -4*j - b = 22535 - 105088, 0 = 4*j - b - 82559. Is j a composite number?
False
Let p(h) = h**2 - 5*h + 57578. Is p(0) composite?
True
Let f = -45 - -47. Suppose 2*h - 460 = -f*h. Is h composite?
True
Let w = -18 - -44. Suppose 0 = -v + w + 20. Suppose -h + f - 6 = -15, 4*h = -f + v. Is h a prime number?
True
Suppose -4*f + r = 3510, -5*f - 4*r + 152 = 4550. Let u = f + 320. Is u/12*(-28)/6 a prime number?
False
Suppose -3*t - h + 5*h = -56569, 2*h - 94299 = -5*t. Is t a prime number?
True
Suppose 0 = 5*x + 7 + 23. Is (-1)/(x + 2 - -5)*-299 a prime number?
False
Let o be (0 - 1)/((-3)/(-279)). Let l be (-1 - -4) + (-187 - 0). Let i = o - l. Is i prime?
False
Let y(a) = a**3 + 10*a**2 - 24*a + 22. Let k be y(-12). Suppose -29 = -d - k. Is d prime?
True
Let w = 63 + -47. Suppose 663 = w*t - 13*t. Is t composite?
True
Is (3 + -1)*(-7 - (-21768)/16) a composite number?
False
Suppose -1536 = -4*n - s - s, -4 = 2*s. Let d = n + 62. Is d composite?
True
Let t = -25021 + 44934. Is t prime?
True
Let w be (-44)/(-14) + 1/(-7). Suppose 5*z = k - 3*k + 18927, w*z - k = 11365. Is z composite?
True
Suppose -5*f - 1 = -26. Suppose -3*g - 2*g = -3*l - 660, -690 = 3*l + f*g. Let v = -154 - l. Is v a prime number?
True
Let a(v) be the second derivative of 1/3*v**3 + 0 - 3*v - 37/4*v**5 + 1/12*v**4 + 1/2*v**2. Is a(-1) a composite number?
True
Let y = 34649 - -4304. Is y a prime number?
True
Let s(d) = 5*d**2 + 5*d + 19. Suppose 4*k - 53 = 3*n, -4*n + 0*k = 2*k + 56. Is s(n) a prime number?
True
Let y = -155 - -14550. Is y a prime number?
False
Suppose 903 = d - 106. Is d a composite number?
False
Let k be (1 + 5)*(4 + 42/(-12)). Suppose 2*g - 17 = -7, -k*t + 725 = 4*g. Is t a composite number?
True
Let k(g) = g**2 + 9*g + 3. Let f be k(-9). Suppose -f*i + 4 = -2*i. Suppose -1265 = -i*t + 1259. Is t a composite number?
False
Let f(b) be the first derivative of -4*b**3/3 - 13*b**2/2 - 3*b + 8. Let i(u) be the first derivative of f(u). Is i(-9) a prime number?
True
Suppose 18*b - 36005 - 756301 = 0. Is b a prime number?
True
Let w(g) = 396*g